{"id":9575,"date":"2022-11-04T16:40:54","date_gmt":"2022-11-04T19:40:54","guid":{"rendered":"https:\/\/lottustech.com\/bella\/produto\/bolsa-academia-fitness-feminina-lantejoula\/"},"modified":"2023-01-09T10:21:18","modified_gmt":"2023-01-09T13:21:18","slug":"bolsa-academia-fitness-feminina-lantejoula","status":"publish","type":"product","link":"https:\/\/lottustech.com\/bella\/produto\/bolsa-academia-fitness-feminina-lantejoula\/","title":{"rendered":"Bolsa Academia Fitness Feminina Lantejoula"},"content":{"rendered":"<h3>Bolsa Academia Fitness Feminina Lantejoula<\/h3>\n<p>Linda bolsa de academia feminina com detalhe em lantejoula.<\/p>\n<p>Cont\u00e9m porta sapatos e divis\u00f3rias internas. Possui uma divis\u00f3ria para roupas molhadas.<\/p>\n<p>Pode ser utilizado em diversas ocasi\u00f5es como esportes, viagens, treino, caminhadas, acampamento, compras entre outros.<\/p>\n<p>Feita com Nylon resistente e Imperme\u00e1vel, possui al\u00e7as regul\u00e1veis e remov\u00edveis.<\/p>\n<p>Tecido: Nylon Imperme\u00e1vel.<\/p>\n<p>&nbsp;<\/p>\n<p>Tamanho Aproximado:<\/p>\n<p>Comprimento: 47cm<\/p>\n<p>Altura: 24cm<\/p>\n<p>Largura: 18cm<\/p>\n<p>&nbsp;<\/p>\n<p><img decoding=\"async\" src=\"https:\/\/ae01.alicdn.com\/kf\/Hd9d560e5bfb442f682b3f6d45a947da3F.jpg?width=880&amp;height=555&amp;hash=1435\" \/><\/p>\n<p><img decoding=\"async\" style=\"height: 790px; width: 790px;\" src=\"https:\/\/ae01.alicdn.com\/kf\/Ha3a0f3428ed74b1da8e4b94301ee20341.jpg?width=800&amp;height=800&amp;hash=1600\" alt=\"undefined\" \/><\/p>\n<p><img decoding=\"async\" style=\"height: 790px; width: 790px;\" src=\"https:\/\/ae01.alicdn.com\/kf\/H739fb19d803c4f629eb75618b1f7b25dB.jpg?width=800&amp;height=800&amp;hash=1600\" alt=\"undefined\" \/><\/p>\n<p><img decoding=\"async\" style=\"height: 790px; width: 790px;\" src=\"https:\/\/ae01.alicdn.com\/kf\/Ha155272a78d6445b9da8757159bbd98fS.jpg?width=800&amp;height=800&amp;hash=1600\" alt=\"undefined\" \/><\/p>\n<p><img decoding=\"async\" style=\"height: 790px; width: 790px;\" src=\"https:\/\/ae01.alicdn.com\/kf\/Hd612234dda7c496a925b2c27ae14b8d5D.jpg?width=800&amp;height=800&amp;hash=1600\" alt=\"undefined\" \/><\/p>\n<p><img decoding=\"async\" style=\"height: 790px; width: 790px;\" src=\"https:\/\/ae01.alicdn.com\/kf\/H111f6770a7ce4567a040c02851a3f596Q.jpg?width=800&amp;height=800&amp;hash=1600\" alt=\"undefined\" \/><\/p>\n<p><img decoding=\"async\" style=\"height: 790px; width: 790px;\" src=\"https:\/\/ae01.alicdn.com\/kf\/H0c4a829a845d47f491b793172d6c27baK.jpg?width=800&amp;height=800&amp;hash=1600\" alt=\"undefined\" \/><\/p>\n<p><img decoding=\"async\" style=\"height: 790px; width: 790px;\" src=\"https:\/\/ae01.alicdn.com\/kf\/Hfa1978f92ecf407e97d5321513f5ac23n.jpg?width=800&amp;height=800&amp;hash=1600\" alt=\"undefined\" \/><\/p>\n<p><img decoding=\"async\" style=\"height: 790px; width: 790px;\" src=\"https:\/\/ae01.alicdn.com\/kf\/Hd543cda1394f4ed1b7f8ba01f898fcf5B.jpg?width=800&amp;height=800&amp;hash=1600\" alt=\"undefined\" \/><\/p>\n<p><img decoding=\"async\" style=\"height: 790px; width: 790px;\" src=\"https:\/\/ae01.alicdn.com\/kf\/Hdb64449a00a04323ab955ba7f488893es.jpg?width=800&amp;height=800&amp;hash=1600\" alt=\"undefined\" \/><\/p>\n<p><img decoding=\"async\" style=\"height: 790px; width: 790px;\" src=\"https:\/\/ae01.alicdn.com\/kf\/He1bc73661cfe4c2daaf8bddba1e3a009z.jpg?width=800&amp;height=800&amp;hash=1600\" alt=\"undefined\" \/><\/p>\n<p><img decoding=\"async\" style=\"height: 790px; width: 790px;\" src=\"https:\/\/ae01.alicdn.com\/kf\/H96e04d0586054603b678cf996aa92e77x.jpg?width=800&amp;height=800&amp;hash=1600\" alt=\"undefined\" \/><\/p>\n<p><img decoding=\"async\" style=\"height: 790px; width: 790px;\" src=\"https:\/\/ae01.alicdn.com\/kf\/H93bf0e831c984080828e6eef3fea195fA.jpg?width=800&amp;height=800&amp;hash=1600\" alt=\"undefined\" \/><\/p>\n<p><img decoding=\"async\" style=\"height: 790px; width: 790px;\" src=\"https:\/\/ae01.alicdn.com\/kf\/Ha3a0f3428ed74b1da8e4b94301ee20341.jpg?width=800&amp;height=800&amp;hash=1600\" alt=\"undefined\" \/><\/p>\n<p><img decoding=\"async\" style=\"height: 790px; width: 790px;\" src=\"https:\/\/ae01.alicdn.com\/kf\/H15b21b92b6e54717be697d70872d34beK.jpg?width=800&amp;height=800&amp;hash=1600\" alt=\"undefined\" \/><\/p>\n<p><img decoding=\"async\" style=\"height: 790px; width: 790px;\" src=\"https:\/\/ae01.alicdn.com\/kf\/H3e489ac89fa549f689c25357ce4d867c4.jpg?width=800&amp;height=800&amp;hash=1600\" alt=\"undefined\" \/><\/p>\n<p><img decoding=\"async\" style=\"height: 790px; width: 790px;\" src=\"https:\/\/ae01.alicdn.com\/kf\/H0e63589cc3c04260b38126fb16bfb3308.jpg?width=800&amp;height=800&amp;hash=1600\" alt=\"undefined\" \/><\/p>\n<p><img decoding=\"async\" style=\"height: 790px; width: 790px;\" src=\"https:\/\/ae01.alicdn.com\/kf\/H3b6f804fe8c942c2a18802a765cdda4cQ.jpg?width=800&amp;height=800&amp;hash=1600\" alt=\"undefined\" \/><\/p>\n<p><img decoding=\"async\" style=\"height: 790px; width: 790px;\" src=\"https:\/\/ae01.alicdn.com\/kf\/H9391d4d415444db4a1ad24a3b5aae4dda.jpg?width=800&amp;height=800&amp;hash=1600\" alt=\"undefined\" \/><\/p>\n<p><img decoding=\"async\" style=\"height: 790px; width: 790px;\" src=\"https:\/\/ae01.alicdn.com\/kf\/Hbbb78474e8a041a98847635328e448b0J.jpg?width=800&amp;height=800&amp;hash=1600\" alt=\"undefined\" \/><\/p>\n<p><img decoding=\"async\" style=\"height: 790px; width: 790px;\" src=\"https:\/\/ae01.alicdn.com\/kf\/H35ecc6ac976b453fb1f0e736ce0d7f176.jpg?width=800&amp;height=800&amp;hash=1600\" alt=\"undefined\" \/><\/p>\n<p><img decoding=\"async\" style=\"height: 790px; width: 790px;\" src=\"https:\/\/ae01.alicdn.com\/kf\/H93bf0e831c984080828e6eef3fea195fA.jpg?width=800&amp;height=800&amp;hash=1600\" alt=\"undefined\" \/><\/p>\n<p><img decoding=\"async\" style=\"height: 790px; width: 790px;\" src=\"https:\/\/ae01.alicdn.com\/kf\/H7fece0bd3af54ca5ad7d2af5a57fbc94n.jpg?width=800&amp;height=800&amp;hash=1600\" alt=\"undefined\" \/><\/p>\n<p><img decoding=\"async\" style=\"height: 790px; width: 790px;\" src=\"https:\/\/ae01.alicdn.com\/kf\/H14f76b3eff7a491ca266836a4992f8944.jpg?width=800&amp;height=800&amp;hash=1600\" alt=\"undefined\" \/><\/p>\n<p><img decoding=\"async\" style=\"height: 790px; width: 790px;\" src=\"https:\/\/ae01.alicdn.com\/kf\/H7a93efe22f9e4a4ebc9115f3b68d661a0.jpg?width=800&amp;height=800&amp;hash=1600\" alt=\"undefined\" \/><\/p>\n<p><img decoding=\"async\" style=\"height: 790px; width: 790px;\" src=\"https:\/\/ae01.alicdn.com\/kf\/H3918b359e0bc4d51a4b55f16c9480101W.jpg?width=800&amp;height=800&amp;hash=1600\" alt=\"undefined\" \/><\/p>\n<p><img decoding=\"async\" style=\"height: 790px; width: 790px;\" src=\"https:\/\/ae01.alicdn.com\/kf\/H8d30d5b3739a4996bcac507d9cf57b78z.jpg?width=800&amp;height=800&amp;hash=1600\" alt=\"undefined\" \/><\/p>\n<p><img decoding=\"async\" style=\"height: 790px; width: 790px;\" src=\"https:\/\/ae01.alicdn.com\/kf\/He64de3f2ac854e87b54664ab2e0227ee3.jpg?width=800&amp;height=800&amp;hash=1600\" alt=\"undefined\" \/><\/p>\n<p><img decoding=\"async\" style=\"height: 790px; width: 790px;\" src=\"https:\/\/ae01.alicdn.com\/kf\/Hcc061aa942444e0f9cdb55e1b61d39efr.jpg?width=800&amp;height=800&amp;hash=1600\" alt=\"undefined\" \/><\/p>\n<p><img decoding=\"async\" style=\"height: 790px; width: 790px;\" src=\"https:\/\/ae01.alicdn.com\/kf\/H54b2c738d2a241a48681e35f5b2ecdf9i.jpg?width=800&amp;height=800&amp;hash=1600\" alt=\"undefined\" \/><\/p>\n<p><img decoding=\"async\" style=\"height: 790px; width: 790px;\" src=\"https:\/\/ae01.alicdn.com\/kf\/Hdf1582ded3a34a6f90fdc26781d6b2d1W.jpg?width=800&amp;height=800&amp;hash=1600\" alt=\"undefined\" \/><\/p>\n<p><img decoding=\"async\" style=\"height: 790px; width: 790px;\" src=\"https:\/\/ae01.alicdn.com\/kf\/He64de3f2ac854e87b54664ab2e0227ee3.jpg?width=800&amp;height=800&amp;hash=1600\" alt=\"undefined\" \/><\/p>\n<p>&nbsp;<\/p>\n","protected":false},"excerpt":{"rendered":"<p>Bolsa Academia Fitness Feminina Lantejoula Linda bolsa de academia feminina com detalhe em lantejoula. Cont\u00e9m porta sapatos e divis\u00f3rias internas. Possui uma divis\u00f3ria para roupas molhadas. Pode ser utilizado em diversas ocasi\u00f5es como esportes, viagens, treino, caminhadas, acampamento, compras entre outros. Feita com Nylon resistente e Imperme\u00e1vel, possui al\u00e7as regul\u00e1veis e remov\u00edveis. Tecido: Nylon Imperme\u00e1vel. [&hellip;]<\/p>\n","protected":false},"featured_media":9574,"comment_status":"open","ping_status":"closed","template":"","meta":[],"product_brand":[],"product_cat":[32,231],"product_tag":[],"class_list":{"0":"post-9575","1":"product","2":"type-product","3":"status-publish","4":"has-post-thumbnail","6":"product_cat-bolsas","7":"product_cat-promocoes","9":"first","10":"instock","11":"sale","12":"shipping-taxable","13":"purchasable","14":"product-type-variable"},"_links":{"self":[{"href":"https:\/\/lottustech.com\/bella\/wp-json\/wp\/v2\/product\/9575","targetHints":{"allow":["GET"]}}],"collection":[{"href":"https:\/\/lottustech.com\/bella\/wp-json\/wp\/v2\/product"}],"about":[{"href":"https:\/\/lottustech.com\/bella\/wp-json\/wp\/v2\/types\/product"}],"replies":[{"embeddable":true,"href":"https:\/\/lottustech.com\/bella\/wp-json\/wp\/v2\/comments?post=9575"}],"wp:featuredmedia":[{"embeddable":true,"href":"https:\/\/lottustech.com\/bella\/wp-json\/wp\/v2\/media\/9574"}],"wp:attachment":[{"href":"https:\/\/lottustech.com\/bella\/wp-json\/wp\/v2\/media?parent=9575"}],"wp:term":[{"taxonomy":"product_brand","embeddable":true,"href":"https:\/\/lottustech.com\/bella\/wp-json\/wp\/v2\/product_brand?post=9575"},{"taxonomy":"product_cat","embeddable":true,"href":"https:\/\/lottustech.com\/bella\/wp-json\/wp\/v2\/product_cat?post=9575"},{"taxonomy":"product_tag","embeddable":true,"href":"https:\/\/lottustech.com\/bella\/wp-json\/wp\/v2\/product_tag?post=9575"}],"curies":[{"name":"wp","href":"https:\/\/api.w.org\/{rel}","templated":true}]}}