{"id":5268,"date":"2021-11-30T21:07:47","date_gmt":"2021-12-01T00:07:47","guid":{"rendered":"https:\/\/lottustech.com\/bella\/produto\/conjunto-4-pecas-sem-costura-2\/"},"modified":"2023-01-09T10:34:07","modified_gmt":"2023-01-09T13:34:07","slug":"conjunto-4-pecas-sem-costura-2","status":"publish","type":"product","link":"https:\/\/lottustech.com\/bella\/produto\/conjunto-4-pecas-sem-costura-2\/","title":{"rendered":"Conjunto 4 pe\u00e7as sem Costura"},"content":{"rendered":"<h4><strong>CONJUNTO 4 PE\u00c7AS SEM COSTURA<\/strong><\/h4>\n<p>Lindo conjunto composto por: Top &#8211; Cropped &#8211; Short &#8211; Legging<\/p>\n<p>Sem costura, super confort\u00e1vel<\/p>\n<p>Top com bojo remov\u00edvel.<\/p>\n<p>Ideal para a pr\u00e1tica de qualquer esporte!<\/p>\n<p>Tecido com alta respirabilidade, elasticidade e conforto!<\/p>\n<figure class=\"table\">\n<table>\n<tbody>\n<tr>\n<td>Tamanho<\/td>\n<td>Busto (CM)<\/td>\n<td>Comprimento Top \/ Cropped (CM)<\/td>\n<td>Cintura (CM)<\/td>\n<td>Quadril (CM)<\/td>\n<td>Comprimento Legging (CM)<\/td>\n<\/tr>\n<tr>\n<td>S (P)<\/td>\n<td>70<\/td>\n<td>20,5<\/td>\n<td>56<\/td>\n<td>70<\/td>\n<td>81,5<\/td>\n<\/tr>\n<tr>\n<td>M<\/td>\n<td>72<\/td>\n<td>21<\/td>\n<td>60<\/td>\n<td>74<\/td>\n<td>86<\/td>\n<\/tr>\n<tr>\n<td>L (G)<\/td>\n<td>75<\/td>\n<td>22<\/td>\n<td>64<\/td>\n<td>78<\/td>\n<td>87<\/td>\n<\/tr>\n<\/tbody>\n<\/table>\n<\/figure>\n<p>&nbsp;<\/p>\n<figure class=\"image\"><img decoding=\"async\" src=\"https:\/\/ae01.alicdn.com\/kf\/H5c93415051654c5987e8f0f8bd72a74bF.jpg\" \/><\/figure>\n<figure class=\"image\"><img decoding=\"async\" src=\"https:\/\/ae01.alicdn.com\/kf\/H2c0ecdc906f8448b89ecf41e6cd45385j.jpg\" \/><\/figure>\n<figure class=\"image\"><img decoding=\"async\" src=\"https:\/\/ae01.alicdn.com\/kf\/Ha85cdaf390b74428b9fba796b11dda60W.jpg\" \/><\/figure>\n<p>&nbsp;<\/p>\n<p>&nbsp;<\/p>\n<p>&nbsp;<\/p>\n<figure class=\"image\"><img decoding=\"async\" src=\"https:\/\/ae01.alicdn.com\/kf\/H23415f17104a408a847c650d1f060d61S.jpg\" \/><\/figure>\n<figure class=\"image\"><img decoding=\"async\" src=\"https:\/\/ae01.alicdn.com\/kf\/H3adc5cc67bb54d5e8d1c52dd04ae1edbp.jpg\" \/><\/figure>\n<figure class=\"image\"><img decoding=\"async\" src=\"https:\/\/ae01.alicdn.com\/kf\/H69f86b3b29ed4d09a738700cd904267e1.jpg\" \/><\/figure>\n<figure class=\"image\"><img decoding=\"async\" src=\"https:\/\/ae01.alicdn.com\/kf\/H81936f4c6e8d409a9c5b7dfaf1120cbcM.jpg\" \/><\/figure>\n<figure class=\"image\"><img decoding=\"async\" src=\"https:\/\/ae01.alicdn.com\/kf\/Habde3cd3706f47888bf393f5f28774c8s.jpg\" \/><\/figure>\n<p>&nbsp;<\/p>\n<figure class=\"image\"><img decoding=\"async\" src=\"https:\/\/ae01.alicdn.com\/kf\/H9bf5121a2535415d82ab2ed685861b9ao.jpg\" \/><\/figure>\n<figure class=\"image\"><img decoding=\"async\" src=\"https:\/\/ae01.alicdn.com\/kf\/H8fd7a82c68754db98ae8555176b7b912E.jpg\" \/><\/figure>\n<figure class=\"image\"><img decoding=\"async\" src=\"https:\/\/ae01.alicdn.com\/kf\/H251c592842d743b2814c435c7026b689q.jpg\" \/><\/figure>\n<figure class=\"image\"><img decoding=\"async\" src=\"https:\/\/ae01.alicdn.com\/kf\/H171b8aa9537c421d8a456a7ca04587256.jpg\" \/><\/figure>\n<figure class=\"image\"><img decoding=\"async\" src=\"https:\/\/ae01.alicdn.com\/kf\/H72b32362615b44e396ca1d6bab4ef8a9F.jpg\" \/><\/figure>\n<p>&nbsp;<\/p>\n<p>&nbsp;<\/p>\n<p>&nbsp;<\/p>\n","protected":false},"excerpt":{"rendered":"<p>CONJUNTO 4 PE\u00c7AS SEM COSTURA Lindo conjunto composto por: Top &#8211; Cropped &#8211; Short &#8211; Legging Sem costura, super confort\u00e1vel Top com bojo remov\u00edvel. Ideal para a pr\u00e1tica de qualquer esporte! Tecido com alta respirabilidade, elasticidade e conforto! Tamanho Busto (CM) Comprimento Top \/ Cropped (CM) Cintura (CM) Quadril (CM) Comprimento Legging (CM) S (P) [&hellip;]<\/p>\n","protected":false},"featured_media":5267,"comment_status":"open","ping_status":"closed","template":"","meta":[],"product_brand":[],"product_cat":[25,231],"product_tag":[],"class_list":{"0":"post-5268","1":"product","2":"type-product","3":"status-publish","4":"has-post-thumbnail","6":"product_cat-comjuntos","7":"product_cat-promocoes","9":"first","10":"instock","11":"sale","12":"shipping-taxable","13":"purchasable","14":"product-type-variable"},"_links":{"self":[{"href":"https:\/\/lottustech.com\/bella\/wp-json\/wp\/v2\/product\/5268","targetHints":{"allow":["GET"]}}],"collection":[{"href":"https:\/\/lottustech.com\/bella\/wp-json\/wp\/v2\/product"}],"about":[{"href":"https:\/\/lottustech.com\/bella\/wp-json\/wp\/v2\/types\/product"}],"replies":[{"embeddable":true,"href":"https:\/\/lottustech.com\/bella\/wp-json\/wp\/v2\/comments?post=5268"}],"wp:featuredmedia":[{"embeddable":true,"href":"https:\/\/lottustech.com\/bella\/wp-json\/wp\/v2\/media\/5267"}],"wp:attachment":[{"href":"https:\/\/lottustech.com\/bella\/wp-json\/wp\/v2\/media?parent=5268"}],"wp:term":[{"taxonomy":"product_brand","embeddable":true,"href":"https:\/\/lottustech.com\/bella\/wp-json\/wp\/v2\/product_brand?post=5268"},{"taxonomy":"product_cat","embeddable":true,"href":"https:\/\/lottustech.com\/bella\/wp-json\/wp\/v2\/product_cat?post=5268"},{"taxonomy":"product_tag","embeddable":true,"href":"https:\/\/lottustech.com\/bella\/wp-json\/wp\/v2\/product_tag?post=5268"}],"curies":[{"name":"wp","href":"https:\/\/api.w.org\/{rel}","templated":true}]}}