{"id":4846,"date":"2021-11-24T16:17:02","date_gmt":"2021-11-24T19:17:02","guid":{"rendered":"https:\/\/lottustech.com\/bella\/produto\/conjunto-croped-ziper-e-calca-sem-costura\/"},"modified":"2023-01-09T10:32:35","modified_gmt":"2023-01-09T13:32:35","slug":"conjunto-croped-ziper-e-calca-sem-costura","status":"publish","type":"product","link":"https:\/\/lottustech.com\/bella\/produto\/conjunto-croped-ziper-e-calca-sem-costura\/","title":{"rendered":"Conjunto Croped Z\u00edper e Legging sem Costura"},"content":{"rendered":"<h4><strong>CONJUNTO CROPED Z\u00cdPER E LEGGING SEM COSTURA<\/strong><\/h4>\n<p>Lindo conjunto composto por Croped com Z\u00edper e manga comprida e cal\u00e7a legging sem costura com cintura alta e cord\u00e3o.<\/p>\n<p>Croped com bojo remov\u00edvel e manga comprida.<\/p>\n<p>Excelente tecido altamente respir\u00e1vel, sem costura e alta elasticidade.<\/p>\n<p>Ideal para qualquer tipo de exerc\u00edcio como corrida, muscula\u00e7\u00e3o, yoga entre outros.<\/p>\n<p>Cal\u00e7a Legging com cintura alta<br \/>\nA faixa de cintura alta sustenta bem a \u00e1rea da cintura, \u00a0comprimindo levemente a barriga, fazendo voc\u00ea parecer mais magra.<\/p>\n<p>Com cord\u00e3o na cintura.<\/p>\n<p>Sem transpar\u00eancia e conforto<br \/>\nTecido com boa elasticidade e n\u00e3o transparente, deixando voc\u00ea confort\u00e1vel.<\/p>\n<p>&nbsp;<\/p>\n<figure class=\"table\">\n<table>\n<tbody>\n<tr>\n<td rowspan=\"2\">Tamanho Croped<\/td>\n<td>Comprimento<\/td>\n<td>Peito<\/td>\n<td>Abaixo peito<\/td>\n<\/tr>\n<tr>\n<td>cm<\/td>\n<td>cm<\/td>\n<td>cm<\/td>\n<\/tr>\n<tr>\n<td>S (P)<\/td>\n<td>36.5cm<\/td>\n<td>64cm<\/td>\n<td>56cm<\/td>\n<\/tr>\n<tr>\n<td>M<\/td>\n<td>37,5cm<\/td>\n<td>68cm<\/td>\n<td>60cm<\/td>\n<\/tr>\n<tr>\n<td>L (G)<\/td>\n<td>38.5cm<\/td>\n<td>72cm<\/td>\n<td>64cm<\/td>\n<\/tr>\n<\/tbody>\n<\/table>\n<\/figure>\n<p>&nbsp;<\/p>\n<figure class=\"table\">\n<table>\n<tbody>\n<tr>\n<td rowspan=\"2\">Tamanho Cal\u00e7a<\/td>\n<td>Comprimento<\/td>\n<td>Cintura<\/td>\n<td>Quadril<\/td>\n<\/tr>\n<tr>\n<td>cm<\/td>\n<td>cm<\/td>\n<td>cm<\/td>\n<\/tr>\n<tr>\n<td>S (P)<\/td>\n<td>82cm<\/td>\n<td>56cm<\/td>\n<td>64cm<\/td>\n<\/tr>\n<tr>\n<td>M<\/td>\n<td>84cm<\/td>\n<td>60cm<\/td>\n<td>68cm<\/td>\n<\/tr>\n<tr>\n<td>L (G)<\/td>\n<td>86cm<\/td>\n<td>64cm<\/td>\n<td>72cm<\/td>\n<\/tr>\n<\/tbody>\n<\/table>\n<\/figure>\n<p>\u2022Devido a diferen\u00e7a de tipos de monitores e ilumina\u00e7\u00e3o, a cor poder\u00e1 ser um pouco diferente da imagem.<\/p>\n<p>\u2022Por favor considere uma diferen\u00e7a de 1 a 3 cent\u00edmetros devido a medi\u00e7\u00e3o manual e elasticidade do tecido.<\/p>\n<p>&nbsp;<\/p>\n<figure class=\"image\"><img decoding=\"async\" src=\"https:\/\/ae01.alicdn.com\/kf\/H7467bd7c78d947d3869c334fce0406f7F.jpg\" \/><\/figure>\n<p>&nbsp;<\/p>\n<figure class=\"image\"><img decoding=\"async\" src=\"https:\/\/ae01.alicdn.com\/kf\/He07896b25986498282ada22654b3e3fbG.jpg\" \/><\/figure>\n<p>&nbsp;<\/p>\n<figure class=\"image\"><img decoding=\"async\" src=\"https:\/\/ae01.alicdn.com\/kf\/Hefdfab81d7b94cbc8ba0d02438ab68d4R.jpg\" \/><\/figure>\n<p>&nbsp;<\/p>\n<figure class=\"image\"><img decoding=\"async\" src=\"https:\/\/ae01.alicdn.com\/kf\/H6a87fb46275c46b2916be1135ff3dc55A.jpg\" \/><\/figure>\n<p>&nbsp;<\/p>\n<figure class=\"image\"><img decoding=\"async\" src=\"https:\/\/ae01.alicdn.com\/kf\/Hf3d28ebbcb6f470a880a33b2e50cfa69a.jpg\" \/><\/figure>\n<p>&nbsp;<\/p>\n<figure class=\"image\"><img decoding=\"async\" src=\"https:\/\/ae01.alicdn.com\/kf\/H380260a047f64647a905945db1ea0083g.jpg\" \/><\/figure>\n<p>&nbsp;<\/p>\n<p>&nbsp;<\/p>\n","protected":false},"excerpt":{"rendered":"<p>CONJUNTO CROPED Z\u00cdPER E LEGGING SEM COSTURA Lindo conjunto composto por Croped com Z\u00edper e manga comprida e cal\u00e7a legging sem costura com cintura alta e cord\u00e3o. Croped com bojo remov\u00edvel e manga comprida. Excelente tecido altamente respir\u00e1vel, sem costura e alta elasticidade. Ideal para qualquer tipo de exerc\u00edcio como corrida, muscula\u00e7\u00e3o, yoga entre outros. [&hellip;]<\/p>\n","protected":false},"featured_media":4845,"comment_status":"open","ping_status":"closed","template":"","meta":[],"product_brand":[],"product_cat":[25,231],"product_tag":[],"class_list":{"0":"post-4846","1":"product","2":"type-product","3":"status-publish","4":"has-post-thumbnail","6":"product_cat-comjuntos","7":"product_cat-promocoes","9":"first","10":"instock","11":"sale","12":"shipping-taxable","13":"purchasable","14":"product-type-variable"},"_links":{"self":[{"href":"https:\/\/lottustech.com\/bella\/wp-json\/wp\/v2\/product\/4846","targetHints":{"allow":["GET"]}}],"collection":[{"href":"https:\/\/lottustech.com\/bella\/wp-json\/wp\/v2\/product"}],"about":[{"href":"https:\/\/lottustech.com\/bella\/wp-json\/wp\/v2\/types\/product"}],"replies":[{"embeddable":true,"href":"https:\/\/lottustech.com\/bella\/wp-json\/wp\/v2\/comments?post=4846"}],"wp:featuredmedia":[{"embeddable":true,"href":"https:\/\/lottustech.com\/bella\/wp-json\/wp\/v2\/media\/4845"}],"wp:attachment":[{"href":"https:\/\/lottustech.com\/bella\/wp-json\/wp\/v2\/media?parent=4846"}],"wp:term":[{"taxonomy":"product_brand","embeddable":true,"href":"https:\/\/lottustech.com\/bella\/wp-json\/wp\/v2\/product_brand?post=4846"},{"taxonomy":"product_cat","embeddable":true,"href":"https:\/\/lottustech.com\/bella\/wp-json\/wp\/v2\/product_cat?post=4846"},{"taxonomy":"product_tag","embeddable":true,"href":"https:\/\/lottustech.com\/bella\/wp-json\/wp\/v2\/product_tag?post=4846"}],"curies":[{"name":"wp","href":"https:\/\/api.w.org\/{rel}","templated":true}]}}