{"id":4743,"date":"2021-11-18T21:54:02","date_gmt":"2021-11-19T00:54:02","guid":{"rendered":"https:\/\/lottustech.com\/bella\/produto\/short-cintura-alta-tik-tok\/"},"modified":"2023-01-09T10:31:01","modified_gmt":"2023-01-09T13:31:01","slug":"short-cintura-alta-tik-tok","status":"publish","type":"product","link":"https:\/\/lottustech.com\/bella\/produto\/short-cintura-alta-tik-tok\/","title":{"rendered":"Short Cintura Alta Tik ToK"},"content":{"rendered":"<h4><strong>SHORT CINTURA ALTA SEM COSTURA TIK TOK<\/strong><\/h4>\n<p>Os shorts que s\u00e3o tend\u00eancia est\u00e3o aqui na BellaForma Imports!<\/p>\n<p>Lindo short cintura alta, sem costura com cord\u00e3o para ajuste na lateral.<\/p>\n<ul>\n<li><strong>Efeito Push UP, que modela seu corpo real\u00e7ando suas qualidades!<\/strong><\/li>\n<li><strong>Acentua suas curvas, disfar\u00e7a imperfei\u00e7\u00f5es<\/strong><\/li>\n<li><strong>Tecido confort\u00e1vel, moderno e flex\u00edvel<\/strong><\/li>\n<li><strong>Secagem r\u00e1pida\u00a0<\/strong><\/li>\n<li><strong>Sinta-se linda e sexy!<\/strong><\/li>\n<\/ul>\n<p>Material : polyester e spandex<\/p>\n<figure class=\"table\">\n<table>\n<tbody>\n<tr>\n<td rowspan=\"2\">Tamanho<\/td>\n<td>Cintura<\/td>\n<td>Quadril<\/td>\n<td>Comprimento<\/td>\n<\/tr>\n<tr>\n<td>CM<\/td>\n<td>CM<\/td>\n<td>CM<\/td>\n<\/tr>\n<tr>\n<td>S (P)<\/td>\n<td>62-72<\/td>\n<td>74-84<\/td>\n<td>28<\/td>\n<\/tr>\n<tr>\n<td>M<\/td>\n<td>64-76<\/td>\n<td>76-88<\/td>\n<td>29<\/td>\n<\/tr>\n<tr>\n<td>L (G)<\/td>\n<td>66-80<\/td>\n<td>78-92<\/td>\n<td>30<\/td>\n<\/tr>\n<tr>\n<td>XL (XG)<\/td>\n<td>78-84<\/td>\n<td>80-96<\/td>\n<td>31<\/td>\n<\/tr>\n<\/tbody>\n<\/table>\n<\/figure>\n<p>OBS: <strong>Devido \u00e0 medi\u00e7\u00e3o\u00a0manual e a elasticidade do tecido, os tamanhos podem variar de 1 a 3 cent\u00edmetros.<\/strong><\/p>\n<p>&nbsp;<\/p>\n<figure class=\"image\"><img decoding=\"async\" src=\"https:\/\/ae01.alicdn.com\/kf\/H8ec6fd9b13974556b2974dd659a5e86fT.jpg\" \/><\/figure>\n<p>&nbsp;<\/p>\n<figure class=\"image\"><img decoding=\"async\" src=\"https:\/\/ae01.alicdn.com\/kf\/H9b7ec837777040baad7fa181dc246ac7S.jpg\" \/><\/figure>\n<p>&nbsp;<\/p>\n<figure class=\"image\"><img decoding=\"async\" src=\"https:\/\/ae01.alicdn.com\/kf\/H64d11d5226514b85a392e320fb07970a1.jpg\" \/><\/figure>\n<p>&nbsp;<\/p>\n<figure class=\"image\"><img decoding=\"async\" src=\"https:\/\/ae01.alicdn.com\/kf\/He92a4c08be2d42f5ae09d38a71a3b83er.jpg\" \/><\/figure>\n<p>&nbsp;<\/p>\n<figure class=\"image\"><img decoding=\"async\" src=\"https:\/\/ae01.alicdn.com\/kf\/H63987e9176214f8e9e41327b4a3b280dc.jpg\" \/><\/figure>\n<p>&nbsp;<\/p>\n<figure class=\"image\"><img decoding=\"async\" src=\"https:\/\/ae01.alicdn.com\/kf\/He90450a2ffe54d1898e20253d20ebd71c.jpg\" \/><\/figure>\n<p>&nbsp;<\/p>\n<figure class=\"image\"><img decoding=\"async\" src=\"https:\/\/ae01.alicdn.com\/kf\/H5091f011ae064cf182f856945de29389J.jpg\" \/><\/figure>\n<p>&nbsp;<\/p>\n<figure class=\"image\"><img decoding=\"async\" src=\"https:\/\/ae01.alicdn.com\/kf\/H2ab03f747d2343fdbfb0306d962098e9a.jpg\" \/><\/figure>\n<p>&nbsp;<\/p>\n<figure class=\"image\"><img decoding=\"async\" src=\"https:\/\/ae01.alicdn.com\/kf\/H671bb6a35c06434ab3bb6c78f28583e6u.jpg\" \/><\/figure>\n<p>&nbsp;<\/p>\n<figure class=\"image\"><img decoding=\"async\" src=\"https:\/\/ae01.alicdn.com\/kf\/Hf8bd6468fd334a219fd6474a0422357aV.jpg\" \/><\/figure>\n<p>&nbsp;<\/p>\n<figure class=\"image\"><img decoding=\"async\" src=\"https:\/\/ae01.alicdn.com\/kf\/He0c71cd6c02647cda3f4f39ce350123dK.jpg\" \/><\/figure>\n<p>&nbsp;<\/p>\n<figure class=\"image\"><img decoding=\"async\" src=\"https:\/\/ae01.alicdn.com\/kf\/Hff6cb7fcd7644ac69a116920622c4ed8D.jpg\" \/><\/figure>\n<p>&nbsp;<\/p>\n<p>&nbsp;<\/p>\n<p>&nbsp;<\/p>\n","protected":false},"excerpt":{"rendered":"<p>SHORT CINTURA ALTA SEM COSTURA TIK TOK Os shorts que s\u00e3o tend\u00eancia est\u00e3o aqui na BellaForma Imports! Lindo short cintura alta, sem costura com cord\u00e3o para ajuste na lateral. Efeito Push UP, que modela seu corpo real\u00e7ando suas qualidades! Acentua suas curvas, disfar\u00e7a imperfei\u00e7\u00f5es Tecido confort\u00e1vel, moderno e flex\u00edvel Secagem r\u00e1pida\u00a0 Sinta-se linda e sexy! [&hellip;]<\/p>\n","protected":false},"featured_media":4742,"comment_status":"open","ping_status":"closed","template":"","meta":[],"product_brand":[],"product_cat":[231,44],"product_tag":[],"class_list":{"0":"post-4743","1":"product","2":"type-product","3":"status-publish","4":"has-post-thumbnail","6":"product_cat-promocoes","7":"product_cat-short","9":"first","10":"instock","11":"sale","12":"shipping-taxable","13":"purchasable","14":"product-type-variable"},"_links":{"self":[{"href":"https:\/\/lottustech.com\/bella\/wp-json\/wp\/v2\/product\/4743","targetHints":{"allow":["GET"]}}],"collection":[{"href":"https:\/\/lottustech.com\/bella\/wp-json\/wp\/v2\/product"}],"about":[{"href":"https:\/\/lottustech.com\/bella\/wp-json\/wp\/v2\/types\/product"}],"replies":[{"embeddable":true,"href":"https:\/\/lottustech.com\/bella\/wp-json\/wp\/v2\/comments?post=4743"}],"wp:featuredmedia":[{"embeddable":true,"href":"https:\/\/lottustech.com\/bella\/wp-json\/wp\/v2\/media\/4742"}],"wp:attachment":[{"href":"https:\/\/lottustech.com\/bella\/wp-json\/wp\/v2\/media?parent=4743"}],"wp:term":[{"taxonomy":"product_brand","embeddable":true,"href":"https:\/\/lottustech.com\/bella\/wp-json\/wp\/v2\/product_brand?post=4743"},{"taxonomy":"product_cat","embeddable":true,"href":"https:\/\/lottustech.com\/bella\/wp-json\/wp\/v2\/product_cat?post=4743"},{"taxonomy":"product_tag","embeddable":true,"href":"https:\/\/lottustech.com\/bella\/wp-json\/wp\/v2\/product_tag?post=4743"}],"curies":[{"name":"wp","href":"https:\/\/api.w.org\/{rel}","templated":true}]}}