{"id":4717,"date":"2021-11-18T21:39:27","date_gmt":"2021-11-19T00:39:27","guid":{"rendered":"https:\/\/lottustech.com\/bella\/produto\/short-sem-costura-degrade-push-up\/"},"modified":"2023-01-09T10:30:46","modified_gmt":"2023-01-09T13:30:46","slug":"short-sem-costura-degrade-push-up","status":"publish","type":"product","link":"https:\/\/lottustech.com\/bella\/produto\/short-sem-costura-degrade-push-up\/","title":{"rendered":"Short Sem Costura Degrad\u00ea Push Up"},"content":{"rendered":"<h4><strong>SHORT SEM COSTURA &#8211; CINTURA ALTA PUSH UP DEGRAD\u00ca<\/strong><\/h4>\n<p>Lindo short sem costura e cintura alta efeito Push Up Degrad\u00ea com um material incr\u00edvel, comprime a barriga e \u00e9 super confort\u00e1vel.<\/p>\n<p>S\u00e3o diversas cores para voc\u00ea escolher!<\/p>\n<p>Efeito Empina Bum Bum, voc\u00ea mais linda e sensual!<\/p>\n<p>Ideal para qualquer tipo de atividade.<\/p>\n<p>Material Poliester, se ajusta perfeitamente ao corpo! Tecido de alta elasticidade!<\/p>\n<figure class=\"table\">\n<table>\n<tbody>\n<tr>\n<td>Tamanho<\/td>\n<td>Cintura (CM)<\/td>\n<td>Quadril (CM)<\/td>\n<td>Comprimento (CM)<\/td>\n<\/tr>\n<tr>\n<td>S (P)<\/td>\n<td>56<\/td>\n<td>66<\/td>\n<td>32,5<\/td>\n<\/tr>\n<tr>\n<td>M<\/td>\n<td>61<\/td>\n<td>71<\/td>\n<td>33,5<\/td>\n<\/tr>\n<tr>\n<td>L (G)<\/td>\n<td>66<\/td>\n<td>76<\/td>\n<td>34,5<\/td>\n<\/tr>\n<\/tbody>\n<\/table>\n<\/figure>\n<p>OBS: <strong>Devido \u00e0 medi\u00e7\u00e3o\u00a0manual e a elasticidade do tecido, os tamanhos podem variar de 1 a 3 cent\u00edmetros.<\/strong><\/p>\n<figure class=\"image\"><img decoding=\"async\" src=\"https:\/\/ae01.alicdn.com\/kf\/H233ab33bab474626ba7890e20882ce05u.jpg\" \/><\/figure>\n<figure class=\"image\"><img decoding=\"async\" src=\"https:\/\/ae01.alicdn.com\/kf\/Had5b3a3878484aad8e4170266fb53d10c.jpg\" \/><\/figure>\n<figure class=\"image\"><img decoding=\"async\" src=\"https:\/\/ae01.alicdn.com\/kf\/Hca882140e5664ff5b23d2cb8b5eae746S.jpg\" \/><\/figure>\n<figure class=\"image\"><img decoding=\"async\" src=\"https:\/\/ae01.alicdn.com\/kf\/Hf82850a395cc478292fb957f09918389O.jpg\" \/><\/figure>\n<figure class=\"image\"><img decoding=\"async\" src=\"https:\/\/ae01.alicdn.com\/kf\/He4e086d234e74fe58afbd9f4f5a8cfa4n.jpg\" \/><\/figure>\n<figure class=\"image\"><img decoding=\"async\" src=\"https:\/\/ae01.alicdn.com\/kf\/Ha120b10af4d24e83b3c3d1b18d50059dC.jpg\" \/><\/figure>\n<figure class=\"image\"><img decoding=\"async\" src=\"https:\/\/ae01.alicdn.com\/kf\/H2f05dd8032a544029f9ad276c3a55ebd5.jpg\" \/><\/figure>\n<figure class=\"image\"><img decoding=\"async\" src=\"https:\/\/ae01.alicdn.com\/kf\/H7e028e12520644ac8089e5c8ddf8cf15m.jpg\" \/><\/figure>\n<figure class=\"image\"><img decoding=\"async\" src=\"https:\/\/ae01.alicdn.com\/kf\/H538c8d5e04f142aa9171c1371d8c37e7s.jpg\" \/><\/figure>\n<figure class=\"image\"><img decoding=\"async\" src=\"https:\/\/ae01.alicdn.com\/kf\/H42b3c9d70b4c46b8a29dc94a949b8e3cF.jpg\" \/><\/figure>\n<figure class=\"image\"><img decoding=\"async\" src=\"https:\/\/ae01.alicdn.com\/kf\/H90d32eec2e24498db3c91e98e66ce507w.jpg\" \/><\/figure>\n<p>&nbsp;<\/p>\n","protected":false},"excerpt":{"rendered":"<p>SHORT SEM COSTURA &#8211; CINTURA ALTA PUSH UP DEGRAD\u00ca Lindo short sem costura e cintura alta efeito Push Up Degrad\u00ea com um material incr\u00edvel, comprime a barriga e \u00e9 super confort\u00e1vel. S\u00e3o diversas cores para voc\u00ea escolher! Efeito Empina Bum Bum, voc\u00ea mais linda e sensual! Ideal para qualquer tipo de atividade. Material Poliester, se [&hellip;]<\/p>\n","protected":false},"featured_media":4716,"comment_status":"open","ping_status":"closed","template":"","meta":[],"product_brand":[],"product_cat":[231,44],"product_tag":[],"class_list":{"0":"post-4717","1":"product","2":"type-product","3":"status-publish","4":"has-post-thumbnail","6":"product_cat-promocoes","7":"product_cat-short","9":"first","10":"instock","11":"sale","12":"shipping-taxable","13":"purchasable","14":"product-type-variable"},"_links":{"self":[{"href":"https:\/\/lottustech.com\/bella\/wp-json\/wp\/v2\/product\/4717","targetHints":{"allow":["GET"]}}],"collection":[{"href":"https:\/\/lottustech.com\/bella\/wp-json\/wp\/v2\/product"}],"about":[{"href":"https:\/\/lottustech.com\/bella\/wp-json\/wp\/v2\/types\/product"}],"replies":[{"embeddable":true,"href":"https:\/\/lottustech.com\/bella\/wp-json\/wp\/v2\/comments?post=4717"}],"wp:featuredmedia":[{"embeddable":true,"href":"https:\/\/lottustech.com\/bella\/wp-json\/wp\/v2\/media\/4716"}],"wp:attachment":[{"href":"https:\/\/lottustech.com\/bella\/wp-json\/wp\/v2\/media?parent=4717"}],"wp:term":[{"taxonomy":"product_brand","embeddable":true,"href":"https:\/\/lottustech.com\/bella\/wp-json\/wp\/v2\/product_brand?post=4717"},{"taxonomy":"product_cat","embeddable":true,"href":"https:\/\/lottustech.com\/bella\/wp-json\/wp\/v2\/product_cat?post=4717"},{"taxonomy":"product_tag","embeddable":true,"href":"https:\/\/lottustech.com\/bella\/wp-json\/wp\/v2\/product_tag?post=4717"}],"curies":[{"name":"wp","href":"https:\/\/api.w.org\/{rel}","templated":true}]}}