{"id":4639,"date":"2021-11-18T19:38:40","date_gmt":"2021-11-18T22:38:40","guid":{"rendered":"https:\/\/lottustech.com\/bella\/produto\/short-fitness-duplo-com-cordao\/"},"modified":"2023-01-09T10:43:31","modified_gmt":"2023-01-09T13:43:31","slug":"short-fitness-duplo-com-cordao","status":"publish","type":"product","link":"https:\/\/lottustech.com\/bella\/produto\/short-fitness-duplo-com-cordao\/","title":{"rendered":"Short Fitness Duplo com Cord\u00e3o"},"content":{"rendered":"<h4><strong>SHORT FITNESS DUPLO COM CORD\u00c3O<\/strong><\/h4>\n<p>Lindo Short duplo com um material incr\u00edvel, super confort\u00e1vel, com regulagem de cord\u00e3o na cintura.<\/p>\n<p>Ideal para qualquer tipo de atividade.<\/p>\n<p>Material Nylon e elastano se ajusta perfeitamente ao corpo!<\/p>\n<p>Material de secagem r\u00e1pida e alta respirabilidade!<\/p>\n<figure class=\"table\">\n<table>\n<tbody>\n<tr>\n<td>Tamanho<\/td>\n<td>Cintura (CM)<\/td>\n<td>Quadril (CM)<\/td>\n<td>Comprimento (CM)<\/td>\n<\/tr>\n<tr>\n<td>S (P)<\/td>\n<td>64-70<\/td>\n<td>82-92<\/td>\n<td>24<\/td>\n<\/tr>\n<tr>\n<td>M<\/td>\n<td>68-74<\/td>\n<td>86-96<\/td>\n<td>25,5<\/td>\n<\/tr>\n<tr>\n<td>L (G)<\/td>\n<td>72-78<\/td>\n<td>90-100<\/td>\n<td>26,5<\/td>\n<\/tr>\n<tr>\n<td>XL (XG)<\/td>\n<td>76-82<\/td>\n<td>94-104<\/td>\n<td>27,5<\/td>\n<\/tr>\n<tr>\n<td>XXL (XXG)<\/td>\n<td>80-86<\/td>\n<td>98-108<\/td>\n<td>28,5<\/td>\n<\/tr>\n<\/tbody>\n<\/table>\n<\/figure>\n<p>OBS: <strong>Devido \u00e0 medi\u00e7\u00e3o\u00a0manual e a elasticidade do tecido, os tamanhos podem variar de 1 a 3 cent\u00edmetros.<\/strong><\/p>\n<p>&nbsp;<\/p>\n<figure class=\"image\"><img decoding=\"async\" src=\"https:\/\/ae01.alicdn.com\/kf\/HTB1t8hnkf5TBuNjSspcq6znGFXaH.jpg\" \/><\/figure>\n<figure class=\"image\"><img decoding=\"async\" src=\"https:\/\/ae01.alicdn.com\/kf\/HTB1_ZxSkhWYBuNjy1zkq6xGGpXa6.jpg\" \/><\/figure>\n<figure class=\"image\"><img decoding=\"async\" src=\"https:\/\/ae01.alicdn.com\/kf\/HTB1PgISjVmWBuNjSspdq6zugXXaF.jpg\" \/><\/figure>\n<p>&nbsp;<\/p>\n<figure class=\"image\"><img decoding=\"async\" src=\"https:\/\/ae01.alicdn.com\/kf\/HTB1J3sOj3mTBuNjy1Xbq6yMrVXaN.jpg\" \/><\/figure>\n<p>&nbsp;<\/p>\n<figure class=\"image\"><img decoding=\"async\" src=\"https:\/\/ae01.alicdn.com\/kf\/HTB1yo41kb9YBuNjy0Fgq6AxcXXa9.jpg\" \/><\/figure>\n<figure class=\"image\"><img decoding=\"async\" src=\"https:\/\/ae01.alicdn.com\/kf\/HTB1a15RkmtYBeNjSspkq6zU8VXaH.jpg\" \/><\/figure>\n<figure class=\"image\"><img decoding=\"async\" src=\"https:\/\/ae01.alicdn.com\/kf\/HTB1empSkbSYBuNjSspfq6AZCpXay.jpg\" \/><\/figure>\n<figure class=\"image\"><img decoding=\"async\" src=\"https:\/\/ae01.alicdn.com\/kf\/HTB1VG77jYGYBuNjy0Foq6AiBFXaw.jpg\" \/><\/figure>\n<figure class=\"image\"><img decoding=\"async\" src=\"https:\/\/ae01.alicdn.com\/kf\/HTB14piEcRjTBKNjSZFDq6zVgVXaU.jpg\" \/><\/figure>\n<p>&nbsp;<\/p>\n<p>&nbsp;<\/p>\n","protected":false},"excerpt":{"rendered":"<p>SHORT FITNESS DUPLO COM CORD\u00c3O Lindo Short duplo com um material incr\u00edvel, super confort\u00e1vel, com regulagem de cord\u00e3o na cintura. Ideal para qualquer tipo de atividade. Material Nylon e elastano se ajusta perfeitamente ao corpo! Material de secagem r\u00e1pida e alta respirabilidade! Tamanho Cintura (CM) Quadril (CM) Comprimento (CM) S (P) 64-70 82-92 24 M [&hellip;]<\/p>\n","protected":false},"featured_media":4638,"comment_status":"open","ping_status":"closed","template":"","meta":[],"product_brand":[],"product_cat":[231,44],"product_tag":[],"class_list":{"0":"post-4639","1":"product","2":"type-product","3":"status-publish","4":"has-post-thumbnail","6":"product_cat-promocoes","7":"product_cat-short","9":"first","10":"instock","11":"sale","12":"shipping-taxable","13":"purchasable","14":"product-type-variable"},"_links":{"self":[{"href":"https:\/\/lottustech.com\/bella\/wp-json\/wp\/v2\/product\/4639","targetHints":{"allow":["GET"]}}],"collection":[{"href":"https:\/\/lottustech.com\/bella\/wp-json\/wp\/v2\/product"}],"about":[{"href":"https:\/\/lottustech.com\/bella\/wp-json\/wp\/v2\/types\/product"}],"replies":[{"embeddable":true,"href":"https:\/\/lottustech.com\/bella\/wp-json\/wp\/v2\/comments?post=4639"}],"wp:featuredmedia":[{"embeddable":true,"href":"https:\/\/lottustech.com\/bella\/wp-json\/wp\/v2\/media\/4638"}],"wp:attachment":[{"href":"https:\/\/lottustech.com\/bella\/wp-json\/wp\/v2\/media?parent=4639"}],"wp:term":[{"taxonomy":"product_brand","embeddable":true,"href":"https:\/\/lottustech.com\/bella\/wp-json\/wp\/v2\/product_brand?post=4639"},{"taxonomy":"product_cat","embeddable":true,"href":"https:\/\/lottustech.com\/bella\/wp-json\/wp\/v2\/product_cat?post=4639"},{"taxonomy":"product_tag","embeddable":true,"href":"https:\/\/lottustech.com\/bella\/wp-json\/wp\/v2\/product_tag?post=4639"}],"curies":[{"name":"wp","href":"https:\/\/api.w.org\/{rel}","templated":true}]}}