{"id":4532,"date":"2021-11-18T15:45:33","date_gmt":"2021-11-18T18:45:33","guid":{"rendered":"https:\/\/lottustech.com\/bella\/produto\/short-cintura-alta-com-cordao\/"},"modified":"2023-01-09T10:43:00","modified_gmt":"2023-01-09T13:43:00","slug":"short-cintura-alta-com-cordao","status":"publish","type":"product","link":"https:\/\/lottustech.com\/bella\/produto\/short-cintura-alta-com-cordao\/","title":{"rendered":"Short Cintura Alta com Cord\u00e3o"},"content":{"rendered":"<h4><strong>SHORT CINTURA ALTA COM CORD\u00c3O\u00a0<\/strong><\/h4>\n<p>Lindo Short com cintura alta e lindo detalhe de cord\u00e3o com ajuste lateral .<\/p>\n<p>Efeito Push Up, empina bum bum.<\/p>\n<p>Possui um material incr\u00edvel, super confort\u00e1vel.<\/p>\n<p>Ideal para qualquer tipo de atividade.<\/p>\n<p>Material Poliester e Elastano, se ajusta perfeitamente ao corpo! Tecido de alta elasticidade!<\/p>\n<figure class=\"table\">\n<table>\n<tbody>\n<tr>\n<td>Tamanho<\/td>\n<td>Cintura (CM)<\/td>\n<td>Quadril (CM)<\/td>\n<td>Comprimento (CM)<\/td>\n<\/tr>\n<tr>\n<td>S (P)<\/td>\n<td>60<\/td>\n<td>80<\/td>\n<td>30,5<\/td>\n<\/tr>\n<tr>\n<td>M<\/td>\n<td>64<\/td>\n<td>84<\/td>\n<td>31,5<\/td>\n<\/tr>\n<tr>\n<td>L (G)<\/td>\n<td>70<\/td>\n<td>90<\/td>\n<td>32,5<\/td>\n<\/tr>\n<tr>\n<td>XL (XG)<\/td>\n<td>74<\/td>\n<td>94<\/td>\n<td>33,5<\/td>\n<\/tr>\n<\/tbody>\n<\/table>\n<\/figure>\n<p>OBS: <strong>Devido \u00e0 medi\u00e7\u00e3o\u00a0manual e a elasticidade do tecido, os tamanhos podem variar de 1 a 3 cent\u00edmetros.<\/strong><\/p>\n<p>&nbsp;<\/p>\n<figure class=\"image\"><img decoding=\"async\" src=\"https:\/\/ae01.alicdn.com\/kf\/HTB1b3GjcfWG3KVjSZFPq6xaiXXaO.jpg\" \/><\/figure>\n<p>&nbsp;<\/p>\n<figure class=\"image\"><img decoding=\"async\" src=\"https:\/\/ae01.alicdn.com\/kf\/HTB1JQWrclCw3KVjSZFuq6AAOpXaF.jpg\" \/><\/figure>\n<p>&nbsp;<\/p>\n<figure class=\"image\"><img decoding=\"async\" src=\"https:\/\/ae01.alicdn.com\/kf\/HTB1biOjcoGF3KVjSZFoq6zmpFXad.jpg\" \/><\/figure>\n<p>&nbsp;<\/p>\n<figure class=\"image\"><img decoding=\"async\" src=\"https:\/\/ae01.alicdn.com\/kf\/HTB1H1upclGw3KVjSZFwq6zQ2FXae.jpg\" \/><\/figure>\n<p>&nbsp;<\/p>\n<figure class=\"image\"><img decoding=\"async\" src=\"https:\/\/ae01.alicdn.com\/kf\/HTB1S4ujcoCF3KVjSZJnq6znHFXai.jpg\" \/><\/figure>\n<p>&nbsp;<\/p>\n<figure class=\"image\"><img decoding=\"async\" src=\"https:\/\/ae01.alicdn.com\/kf\/HTB1n2qqclGw3KVjSZFDq6xWEpXaQ.jpg\" \/><\/figure>\n<p>&nbsp;<\/p>\n<figure class=\"image\"><img decoding=\"async\" src=\"https:\/\/ae01.alicdn.com\/kf\/HTB1fXujcgaH3KVjSZFjq6AFWpXaW.jpg\" \/><\/figure>\n<p>&nbsp;<\/p>\n<figure class=\"image\"><img decoding=\"async\" src=\"https:\/\/ae01.alicdn.com\/kf\/HTB1QfejcgKG3KVjSZFLq6yMvXXaq.jpg\" \/><\/figure>\n<p>&nbsp;<\/p>\n<figure class=\"image\"><img decoding=\"async\" src=\"https:\/\/ae01.alicdn.com\/kf\/HTB1BHyjcgmH3KVjSZKzq6z2OXXam.jpg\" \/><\/figure>\n<p>&nbsp;<\/p>\n<figure class=\"image\"><img decoding=\"async\" src=\"https:\/\/ae01.alicdn.com\/kf\/HTB1GmylclGE3KVjSZFhq6AkaFXab.jpg\" \/><\/figure>\n<p>&nbsp;<\/p>\n<figure class=\"image\"><img decoding=\"async\" src=\"https:\/\/ae01.alicdn.com\/kf\/HTB1OnmkcoGF3KVjSZFvq6z_nXXaL.jpg\" \/><\/figure>\n<p>&nbsp;<\/p>\n<figure class=\"image\"><img decoding=\"async\" src=\"https:\/\/ae01.alicdn.com\/kf\/HTB1r0encmWD3KVjSZSgq6ACxVXaf.jpg\" \/><\/figure>\n<p>&nbsp;<\/p>\n<p>&nbsp;<\/p>\n<figure class=\"image\"><img decoding=\"async\" src=\"https:\/\/ae01.alicdn.com\/kf\/Hc8af9ae93ecb457084a8c56a730284c0H.jpg\" \/><\/figure>\n<figure class=\"image\"><img decoding=\"async\" src=\"https:\/\/ae01.alicdn.com\/kf\/Hd1b4f0a86ea94aa880945dc12ee2efb2u.jpg\" \/><\/figure>\n<p>&nbsp;<\/p>\n<p>&nbsp;<\/p>\n<figure class=\"image\"><img decoding=\"async\" src=\"https:\/\/ae01.alicdn.com\/kf\/Haf5af23b1c964bcda18e804a4ee8f498p.jpg\" \/><\/figure>\n<figure class=\"image\"><img decoding=\"async\" src=\"https:\/\/ae01.alicdn.com\/kf\/H62766e2f7c194bc4b7f7ee0437f7fb1fk.jpg\" \/><\/figure>\n<p>&nbsp;<\/p>\n<p>&nbsp;<\/p>\n<figure class=\"image\"><img decoding=\"async\" src=\"https:\/\/ae01.alicdn.com\/kf\/Hafd20da250be465e8d78cd7809e4d48d1.jpg\" \/><\/figure>\n<figure class=\"image\"><img decoding=\"async\" src=\"https:\/\/ae01.alicdn.com\/kf\/H7ca03521fbc246b693974db5b1871e34p.jpg\" \/><\/figure>\n<p>&nbsp;<\/p>\n<figure class=\"image\"><img decoding=\"async\" src=\"https:\/\/ae01.alicdn.com\/kf\/HTB1DKmlcouF3KVjSZK9q6zVtXXa7.jpg\" \/><\/figure>\n<p>&nbsp;<\/p>\n<figure class=\"image\"><img decoding=\"async\" src=\"https:\/\/ae01.alicdn.com\/kf\/HTB1Hw5scaSs3KVjSZPiq6AsiVXaQ.jpg\" \/><\/figure>\n<p>&nbsp;<\/p>\n<figure class=\"image\"><img decoding=\"async\" src=\"https:\/\/ae01.alicdn.com\/kf\/HTB1uwWjcfWG3KVjSZPcq6zkbXXaG.jpg\" \/><\/figure>\n<p>&nbsp;<\/p>\n<figure class=\"image\"><img decoding=\"async\" src=\"https:\/\/ae01.alicdn.com\/kf\/HTB1D3mmckWE3KVjSZSyq6xocXXae.jpg\" \/><\/figure>\n<p>&nbsp;<\/p>\n<p>&nbsp;<\/p>\n<p>&nbsp;<\/p>\n","protected":false},"excerpt":{"rendered":"<p>SHORT CINTURA ALTA COM CORD\u00c3O\u00a0 Lindo Short com cintura alta e lindo detalhe de cord\u00e3o com ajuste lateral . Efeito Push Up, empina bum bum. Possui um material incr\u00edvel, super confort\u00e1vel. Ideal para qualquer tipo de atividade. Material Poliester e Elastano, se ajusta perfeitamente ao corpo! Tecido de alta elasticidade! Tamanho Cintura (CM) Quadril (CM) [&hellip;]<\/p>\n","protected":false},"featured_media":4531,"comment_status":"open","ping_status":"closed","template":"","meta":[],"product_brand":[],"product_cat":[231,44],"product_tag":[],"class_list":{"0":"post-4532","1":"product","2":"type-product","3":"status-publish","4":"has-post-thumbnail","6":"product_cat-promocoes","7":"product_cat-short","9":"first","10":"instock","11":"sale","12":"shipping-taxable","13":"purchasable","14":"product-type-variable"},"_links":{"self":[{"href":"https:\/\/lottustech.com\/bella\/wp-json\/wp\/v2\/product\/4532","targetHints":{"allow":["GET"]}}],"collection":[{"href":"https:\/\/lottustech.com\/bella\/wp-json\/wp\/v2\/product"}],"about":[{"href":"https:\/\/lottustech.com\/bella\/wp-json\/wp\/v2\/types\/product"}],"replies":[{"embeddable":true,"href":"https:\/\/lottustech.com\/bella\/wp-json\/wp\/v2\/comments?post=4532"}],"wp:featuredmedia":[{"embeddable":true,"href":"https:\/\/lottustech.com\/bella\/wp-json\/wp\/v2\/media\/4531"}],"wp:attachment":[{"href":"https:\/\/lottustech.com\/bella\/wp-json\/wp\/v2\/media?parent=4532"}],"wp:term":[{"taxonomy":"product_brand","embeddable":true,"href":"https:\/\/lottustech.com\/bella\/wp-json\/wp\/v2\/product_brand?post=4532"},{"taxonomy":"product_cat","embeddable":true,"href":"https:\/\/lottustech.com\/bella\/wp-json\/wp\/v2\/product_cat?post=4532"},{"taxonomy":"product_tag","embeddable":true,"href":"https:\/\/lottustech.com\/bella\/wp-json\/wp\/v2\/product_tag?post=4532"}],"curies":[{"name":"wp","href":"https:\/\/api.w.org\/{rel}","templated":true}]}}