{"id":4490,"date":"2021-11-18T15:20:07","date_gmt":"2021-11-18T18:20:07","guid":{"rendered":"https:\/\/lottustech.com\/bella\/produto\/bermuda-sem-costura-push-up\/"},"modified":"2023-01-09T10:42:39","modified_gmt":"2023-01-09T13:42:39","slug":"bermuda-sem-costura-push-up","status":"publish","type":"product","link":"https:\/\/lottustech.com\/bella\/produto\/bermuda-sem-costura-push-up\/","title":{"rendered":"Bermuda Sem Costura Push UP"},"content":{"rendered":"<h3><strong>BERMUDA SEM COSTURA \u2013 CINTURA ALTA EFEITO PUSH UP<\/strong><\/h3>\n<p>Linda bermuda sem costura e cintura alta efeito Push Up com um material incr\u00edvel, comprime a barriga e \u00e9 super confort\u00e1vel.<\/p>\n<p>Efeito Empina Bum Bum, voc\u00ea mais linda e sensual!<\/p>\n<p>Ideal para qualquer tipo de atividade.<\/p>\n<p>Material Nylon e Elastano se ajusta perfeitamente ao corpo! Tecido de alta elasticidade!<\/p>\n<figure class=\"table\">\n<table>\n<tbody>\n<tr>\n<td>Tamanho<\/td>\n<td>Cintura (CM)<\/td>\n<td>Quadril (CM)<\/td>\n<td>Comprimento (CM)<\/td>\n<\/tr>\n<tr>\n<td>S (P)<\/td>\n<td>52<\/td>\n<td>73<\/td>\n<td>38<\/td>\n<\/tr>\n<tr>\n<td>M<\/td>\n<td>56<\/td>\n<td>78<\/td>\n<td>40<\/td>\n<\/tr>\n<tr>\n<td>L (G)<\/td>\n<td>58<\/td>\n<td>82<\/td>\n<td>42<\/td>\n<\/tr>\n<\/tbody>\n<\/table>\n<\/figure>\n<p>OBS: <strong>Devido \u00e0 medi\u00e7\u00e3o\u00a0manual e a elasticidade do tecido, os tamanhos podem variar de 1 a 3 cent\u00edmetros.<\/strong><\/p>\n<figure class=\"image\"><img decoding=\"async\" src=\"https:\/\/ae01.alicdn.com\/kf\/Hf4918b15f71f42f8b367e60fe83cc9afI.jpg\" \/><\/figure>\n<p>&nbsp;<\/p>\n<figure class=\"image\"><img decoding=\"async\" src=\"https:\/\/ae01.alicdn.com\/kf\/H7d7d3202bb59442ba891104b11434e940.jpg\" \/><\/figure>\n<figure class=\"image\"><img decoding=\"async\" src=\"https:\/\/ae01.alicdn.com\/kf\/Hd92071de62754e9a988ea0b9b5540d0cA.jpg\" \/><\/figure>\n<figure class=\"image\"><img decoding=\"async\" src=\"https:\/\/ae01.alicdn.com\/kf\/H28a011308ab54d1e93fb3d81ff35d4b94.jpg\" \/><\/figure>\n<figure class=\"image\"><img decoding=\"async\" src=\"https:\/\/ae01.alicdn.com\/kf\/He52b7f58b50f4d5bad9d662e3e608dc51.jpg\" \/><\/figure>\n<figure class=\"image\"><img decoding=\"async\" src=\"https:\/\/ae01.alicdn.com\/kf\/H4ae639ee290141fba9cc3f15a5ac6a1cI.jpg\" \/><\/figure>\n<figure class=\"image\"><img decoding=\"async\" src=\"https:\/\/ae01.alicdn.com\/kf\/Hc0218e6eb23e4534a462926a1bea53e8k.jpg\" \/><\/figure>\n<figure class=\"image\"><img decoding=\"async\" src=\"https:\/\/ae01.alicdn.com\/kf\/Hfdc33016d6f24cee9b6fba541c8d293ax.jpg\" \/><\/figure>\n<figure class=\"image\"><img decoding=\"async\" src=\"https:\/\/ae01.alicdn.com\/kf\/H6971424ef37b4c639afc6282b069e871e.jpg\" \/><\/figure>\n<figure class=\"image\"><img decoding=\"async\" src=\"https:\/\/ae01.alicdn.com\/kf\/Hf22e77935dc44ee7b61b807e85242fbfu.jpg\" \/><\/figure>\n<figure class=\"image\"><img decoding=\"async\" src=\"https:\/\/ae01.alicdn.com\/kf\/He449d4a18dc24bec8cb6394df77ca80ap.jpg\" \/><\/figure>\n<figure class=\"image\"><img decoding=\"async\" src=\"https:\/\/ae01.alicdn.com\/kf\/H7d9f281830fa45b380fbc009bfd9e2f33.jpg\" \/><\/figure>\n<p>&nbsp;<\/p>\n<p>&nbsp;<\/p>\n<p>&nbsp;<\/p>\n<p>&nbsp;<\/p>\n<p>&nbsp;<\/p>\n<p>&nbsp;<\/p>\n","protected":false},"excerpt":{"rendered":"<p>BERMUDA SEM COSTURA \u2013 CINTURA ALTA EFEITO PUSH UP Linda bermuda sem costura e cintura alta efeito Push Up com um material incr\u00edvel, comprime a barriga e \u00e9 super confort\u00e1vel. Efeito Empina Bum Bum, voc\u00ea mais linda e sensual! Ideal para qualquer tipo de atividade. Material Nylon e Elastano se ajusta perfeitamente ao corpo! Tecido [&hellip;]<\/p>\n","protected":false},"featured_media":4489,"comment_status":"open","ping_status":"closed","template":"","meta":[],"product_brand":[],"product_cat":[45,231],"product_tag":[],"class_list":{"0":"post-4490","1":"product","2":"type-product","3":"status-publish","4":"has-post-thumbnail","6":"product_cat-bermuda","7":"product_cat-promocoes","9":"first","10":"instock","11":"sale","12":"shipping-taxable","13":"purchasable","14":"product-type-variable"},"_links":{"self":[{"href":"https:\/\/lottustech.com\/bella\/wp-json\/wp\/v2\/product\/4490","targetHints":{"allow":["GET"]}}],"collection":[{"href":"https:\/\/lottustech.com\/bella\/wp-json\/wp\/v2\/product"}],"about":[{"href":"https:\/\/lottustech.com\/bella\/wp-json\/wp\/v2\/types\/product"}],"replies":[{"embeddable":true,"href":"https:\/\/lottustech.com\/bella\/wp-json\/wp\/v2\/comments?post=4490"}],"wp:featuredmedia":[{"embeddable":true,"href":"https:\/\/lottustech.com\/bella\/wp-json\/wp\/v2\/media\/4489"}],"wp:attachment":[{"href":"https:\/\/lottustech.com\/bella\/wp-json\/wp\/v2\/media?parent=4490"}],"wp:term":[{"taxonomy":"product_brand","embeddable":true,"href":"https:\/\/lottustech.com\/bella\/wp-json\/wp\/v2\/product_brand?post=4490"},{"taxonomy":"product_cat","embeddable":true,"href":"https:\/\/lottustech.com\/bella\/wp-json\/wp\/v2\/product_cat?post=4490"},{"taxonomy":"product_tag","embeddable":true,"href":"https:\/\/lottustech.com\/bella\/wp-json\/wp\/v2\/product_tag?post=4490"}],"curies":[{"name":"wp","href":"https:\/\/api.w.org\/{rel}","templated":true}]}}