{"id":4461,"date":"2021-11-18T14:43:23","date_gmt":"2021-11-18T17:43:23","guid":{"rendered":"https:\/\/lottustech.com\/bella\/produto\/short-sem-costura-cintura-alta\/"},"modified":"2023-01-09T10:42:23","modified_gmt":"2023-01-09T13:42:23","slug":"short-sem-costura-cintura-alta","status":"publish","type":"product","link":"https:\/\/lottustech.com\/bella\/produto\/short-sem-costura-cintura-alta\/","title":{"rendered":"Short Sem Costura Cintura Alta"},"content":{"rendered":"<h3><strong>SHORT SEM COSTURA &#8211; CINTURA ALTA<\/strong><\/h3>\n<p>Lindo Short sem costura e com cintura alta com um material incr\u00edvel, comprime a barriga e \u00e9 super confort\u00e1vel.<\/p>\n<p>Ideal para qualquer tipo de atividade.<\/p>\n<p>Material Nylon, se ajusta perfeitamente ao corpo! Tecido de alta elasticidade!<\/p>\n<figure class=\"table\">\n<table>\n<tbody>\n<tr>\n<td>Tamanho<\/td>\n<td>Cintura (CM)<\/td>\n<td>Quadril (CM)<\/td>\n<td>Comprimento (CM)<\/td>\n<\/tr>\n<tr>\n<td>S (P)<\/td>\n<td>64<\/td>\n<td>76<\/td>\n<td>29<\/td>\n<\/tr>\n<tr>\n<td>M<\/td>\n<td>68<\/td>\n<td>81<\/td>\n<td>30<\/td>\n<\/tr>\n<tr>\n<td>L (G)<\/td>\n<td>72<\/td>\n<td>86<\/td>\n<td>31<\/td>\n<\/tr>\n<\/tbody>\n<\/table>\n<\/figure>\n<p>OBS: <strong>Devido \u00e0 medi\u00e7\u00e3o\u00a0manual e a elasticidade do tecido, os tamanhos podem variar de 1 a 3 cent\u00edmetros.<\/strong><\/p>\n<p>&nbsp;<\/p>\n<figure class=\"image\"><img decoding=\"async\" src=\"https:\/\/ae01.alicdn.com\/kf\/H8480a377cece40789c47c7ecae38fc61k.jpg\" alt=\"2\" \/><\/figure>\n<p>&nbsp;<\/p>\n<figure class=\"image\"><img decoding=\"async\" src=\"https:\/\/ae01.alicdn.com\/kf\/H855fd59414054d3b9141bd39eac05fe5w.jpg\" alt=\"H065a14d972ac49d097feea4b7d9bc404T\" \/><\/figure>\n<figure class=\"image\"><img decoding=\"async\" src=\"https:\/\/ae01.alicdn.com\/kf\/Hac6ba2a4cd55409fb6978dc496b96295x.jpg\" alt=\"QQ\u56fe\u724720200430145335\" \/><\/figure>\n<figure class=\"image\"><img decoding=\"async\" src=\"https:\/\/ae01.alicdn.com\/kf\/Hdaba9085591f4e32a253eef41b9496ccU.jpg\" alt=\"\u7c89\" \/><\/figure>\n<p>&nbsp;<\/p>\n<figure class=\"image\"><img decoding=\"async\" src=\"https:\/\/ae01.alicdn.com\/kf\/H1953096e941f4ed6a20e72bcc609c17ex.jpg\" alt=\"\u9ed1\" \/><\/figure>\n<p>&nbsp;<\/p>\n<figure class=\"image\"><img decoding=\"async\" src=\"https:\/\/ae01.alicdn.com\/kf\/Hc133a6fe8d024014ad77c893a0dac0fdw.jpg\" alt=\"\u7070\" \/><\/figure>\n<p>&nbsp;<\/p>\n<figure class=\"image\"><img decoding=\"async\" src=\"https:\/\/ae01.alicdn.com\/kf\/H937f9646233f401c87ca14df4f08b5385.jpg\" alt=\"\u9152\u7ea2\" \/><\/figure>\n<p>&nbsp;<\/p>\n<figure class=\"image\"><img decoding=\"async\" src=\"https:\/\/ae01.alicdn.com\/kf\/H3021043ad9ab47d3b955460860aa04e7n.jpg\" alt=\"\u84dd\" \/><\/figure>\n<p>&nbsp;<\/p>\n<figure class=\"image\"><img decoding=\"async\" src=\"https:\/\/ae01.alicdn.com\/kf\/Hc98c220e311b46acb8caa0623f0927edC.jpg\" alt=\"\u7d2b\" \/><\/figure>\n<p>&nbsp;<\/p>\n<p>&nbsp;<\/p>\n<p>&nbsp;<\/p>\n","protected":false},"excerpt":{"rendered":"<p>SHORT SEM COSTURA &#8211; CINTURA ALTA Lindo Short sem costura e com cintura alta com um material incr\u00edvel, comprime a barriga e \u00e9 super confort\u00e1vel. Ideal para qualquer tipo de atividade. Material Nylon, se ajusta perfeitamente ao corpo! Tecido de alta elasticidade! Tamanho Cintura (CM) Quadril (CM) Comprimento (CM) S (P) 64 76 29 M [&hellip;]<\/p>\n","protected":false},"featured_media":4460,"comment_status":"open","ping_status":"closed","template":"","meta":[],"product_brand":[],"product_cat":[231,44],"product_tag":[],"class_list":{"0":"post-4461","1":"product","2":"type-product","3":"status-publish","4":"has-post-thumbnail","6":"product_cat-promocoes","7":"product_cat-short","9":"first","10":"instock","11":"sale","12":"shipping-taxable","13":"purchasable","14":"product-type-variable"},"_links":{"self":[{"href":"https:\/\/lottustech.com\/bella\/wp-json\/wp\/v2\/product\/4461","targetHints":{"allow":["GET"]}}],"collection":[{"href":"https:\/\/lottustech.com\/bella\/wp-json\/wp\/v2\/product"}],"about":[{"href":"https:\/\/lottustech.com\/bella\/wp-json\/wp\/v2\/types\/product"}],"replies":[{"embeddable":true,"href":"https:\/\/lottustech.com\/bella\/wp-json\/wp\/v2\/comments?post=4461"}],"wp:featuredmedia":[{"embeddable":true,"href":"https:\/\/lottustech.com\/bella\/wp-json\/wp\/v2\/media\/4460"}],"wp:attachment":[{"href":"https:\/\/lottustech.com\/bella\/wp-json\/wp\/v2\/media?parent=4461"}],"wp:term":[{"taxonomy":"product_brand","embeddable":true,"href":"https:\/\/lottustech.com\/bella\/wp-json\/wp\/v2\/product_brand?post=4461"},{"taxonomy":"product_cat","embeddable":true,"href":"https:\/\/lottustech.com\/bella\/wp-json\/wp\/v2\/product_cat?post=4461"},{"taxonomy":"product_tag","embeddable":true,"href":"https:\/\/lottustech.com\/bella\/wp-json\/wp\/v2\/product_tag?post=4461"}],"curies":[{"name":"wp","href":"https:\/\/api.w.org\/{rel}","templated":true}]}}