{"id":4396,"date":"2021-11-17T22:24:43","date_gmt":"2021-11-18T01:24:43","guid":{"rendered":"https:\/\/lottustech.com\/bella\/produto\/legging-cintura-alta-tik-tok-2\/"},"modified":"2023-01-09T10:42:10","modified_gmt":"2023-01-09T13:42:10","slug":"legging-cintura-alta-tik-tok-2","status":"publish","type":"product","link":"https:\/\/lottustech.com\/bella\/produto\/legging-cintura-alta-tik-tok-2\/","title":{"rendered":"Legging Cintura Alta Tik Tok"},"content":{"rendered":"<h3><strong>CAL\u00c7A LEGGING CINTURA ALTA TIK TOK<\/strong><\/h3>\n<p>As Leggings que s\u00e3o tend\u00eancia mundial agora aqui na BELLAFORMA IMPORTS!<\/p>\n<ul>\n<li><strong>Efeito Push UP, que modela seu corpo real\u00e7ando suas qualidades!<\/strong><\/li>\n<li><strong>Acentua suas curvas, disfar\u00e7a imperfei\u00e7\u00f5es<\/strong><\/li>\n<li><strong>Tecido confort\u00e1vel, moderno e flex\u00edvel<\/strong><\/li>\n<li><strong>Secagem r\u00e1pida\u00a0<\/strong><\/li>\n<li><strong>Sinta-se linda e sexy!<\/strong><\/li>\n<\/ul>\n<p><strong>Material : polyester e spandex\u00a0<\/strong><\/p>\n<figure class=\"table\">\n<table>\n<tbody>\n<tr>\n<td rowspan=\"2\">Tamanho<\/td>\n<td>Cintura<\/td>\n<td>Quadril<\/td>\n<td>Comprimento<\/td>\n<\/tr>\n<tr>\n<td>CM<\/td>\n<td>CM<\/td>\n<td>CM<\/td>\n<\/tr>\n<tr>\n<td>S (P)<\/td>\n<td>62-72<\/td>\n<td>74-84<\/td>\n<td>86<\/td>\n<\/tr>\n<tr>\n<td>M<\/td>\n<td>64-76<\/td>\n<td>76-88<\/td>\n<td>87<\/td>\n<\/tr>\n<tr>\n<td>L (G)<\/td>\n<td>66-80<\/td>\n<td>78-92<\/td>\n<td>88<\/td>\n<\/tr>\n<tr>\n<td>XL (XG)<\/td>\n<td>78-84<\/td>\n<td>80-96<\/td>\n<td>89<\/td>\n<\/tr>\n<\/tbody>\n<\/table>\n<\/figure>\n<h4><strong>OBS: Favor considerar uma margem de 1 a 3 cent\u00edmetros devido a medi\u00e7\u00e3o manual. Verifique seu tamanho corretamente.<\/strong><\/h4>\n<p>&nbsp;<\/p>\n<figure class=\"image\"><img decoding=\"async\" src=\"https:\/\/ae01.alicdn.com\/kf\/HTB1b9S4auT2gK0jSZFvq6xnFXXas.jpg\" \/><\/figure>\n<figure class=\"image\"><img decoding=\"async\" src=\"https:\/\/ae01.alicdn.com\/kf\/HTB1yOK5axz1gK0jSZSgq6yvwpXah.jpg\" \/><\/figure>\n<figure class=\"image\"><img decoding=\"async\" src=\"https:\/\/ae01.alicdn.com\/kf\/HTB1Abi6aq61gK0jSZFlq6xDKFXam.jpg\" \/><\/figure>\n<figure class=\"image\"><img decoding=\"async\" src=\"https:\/\/ae01.alicdn.com\/kf\/HTB1CAC5arr1gK0jSZFDq6z9yVXaq.jpg\" \/><\/figure>\n<figure class=\"image\"><img decoding=\"async\" src=\"https:\/\/ae01.alicdn.com\/kf\/HTB1Upq5aEY1gK0jSZFMq6yWcVXaX.jpg\" \/><\/figure>\n<figure class=\"image\"><img decoding=\"async\" src=\"https:\/\/ae01.alicdn.com\/kf\/HTB1jUu1aqL7gK0jSZFBq6xZZpXaf.jpg\" \/><\/figure>\n<figure class=\"image\"><img decoding=\"async\" src=\"https:\/\/ae01.alicdn.com\/kf\/HTB1paS2aq67gK0jSZFHq6y9jVXaS.jpg\" \/><\/figure>\n<p>&nbsp;<\/p>\n<figure class=\"image\"><img decoding=\"async\" src=\"https:\/\/ae01.alicdn.com\/kf\/HTB1mLK4aCf2gK0jSZFPq6xsopXaT.jpg\" \/><\/figure>\n<figure class=\"image\"><img decoding=\"async\" src=\"https:\/\/ae01.alicdn.com\/kf\/HTB1zWS2apP7gK0jSZFjq6A5aXXaZ.jpg\" \/><\/figure>\n<figure class=\"image\"><img decoding=\"async\" src=\"https:\/\/ae01.alicdn.com\/kf\/HTB14715aEY1gK0jSZFCq6AwqXXaL.jpg\" \/><\/figure>\n<figure class=\"image\"><img decoding=\"async\" src=\"https:\/\/ae01.alicdn.com\/kf\/HTB1Pz94aAT2gK0jSZPcq6AKkpXaX.jpg\" \/><\/figure>\n<figure class=\"image\"><img decoding=\"async\" src=\"https:\/\/ae01.alicdn.com\/kf\/HTB1vWK6aAL0gK0jSZFAq6AA9pXa5.jpg\" \/><\/figure>\n<p>&nbsp;<\/p>\n<p>&nbsp;<\/p>\n<p>&nbsp;<\/p>\n<figure class=\"image\"><img decoding=\"async\" src=\"https:\/\/ae01.alicdn.com\/kf\/HTB1UuRORVYqK1RjSZLeq6zXppXau.jpg\" \/><\/figure>\n<p>&nbsp;<\/p>\n<figure class=\"image\"><img decoding=\"async\" src=\"https:\/\/ae01.alicdn.com\/kf\/H000403b3a5fc42339b60d33117a747cc9.jpg\" \/><\/figure>\n<figure class=\"image\"><img decoding=\"async\" src=\"https:\/\/ae01.alicdn.com\/kf\/Hc104f31a99c240868c6e1ad92f78a2baG.jpg\" \/><\/figure>\n<figure class=\"image\"><img decoding=\"async\" src=\"https:\/\/ae01.alicdn.com\/kf\/H7305278200c34d36958606d0964e5b81Z.jpg\" \/><\/figure>\n<figure class=\"image\"><img decoding=\"async\" src=\"https:\/\/ae01.alicdn.com\/kf\/Hced4bddd0fd54b8cba3adb8f4cb0a387g.jpg\" \/><\/figure>\n<figure class=\"image\"><img decoding=\"async\" src=\"https:\/\/ae01.alicdn.com\/kf\/H49c3583b59684389b8c1df73f280ef658.jpg\" \/><\/figure>\n<figure class=\"image\"><img decoding=\"async\" src=\"https:\/\/ae01.alicdn.com\/kf\/Hfdab74f99a984ac3b8b593331bc46fa30.jpg\" \/><\/figure>\n<figure class=\"image\"><img decoding=\"async\" src=\"https:\/\/ae01.alicdn.com\/kf\/Hfc523cc3e7e040cf818cdd83f1f8875b2.jpg\" \/><\/figure>\n<figure class=\"image\"><img decoding=\"async\" src=\"https:\/\/ae01.alicdn.com\/kf\/H2d2a2a74579c42c0b309f65703c31cf5w.jpg\" \/><\/figure>\n<figure class=\"image\"><img decoding=\"async\" src=\"https:\/\/ae01.alicdn.com\/kf\/H94f4e6aa0371479caea0bfc24a9f79e1M.jpg\" \/><\/figure>\n<figure class=\"image\"><img decoding=\"async\" src=\"https:\/\/ae01.alicdn.com\/kf\/H8dd99e3d88e04dcf94be606fe99c695du.jpg\" \/><\/figure>\n<figure class=\"image\"><img decoding=\"async\" src=\"https:\/\/ae01.alicdn.com\/kf\/Hfdd9cb72cb5741159e58751cdcbd1aa8m.jpg\" \/><\/figure>\n<figure class=\"image\"><img decoding=\"async\" src=\"https:\/\/ae01.alicdn.com\/kf\/H8b1e30a7ff7349e2b4360ab06a9dd973h.jpg\" \/><\/figure>\n<figure class=\"image\"><img decoding=\"async\" src=\"https:\/\/ae01.alicdn.com\/kf\/H90e9056e93274cc684e4c3caf135c499O.jpg\" \/><\/figure>\n<figure class=\"image\"><img decoding=\"async\" src=\"https:\/\/ae01.alicdn.com\/kf\/H91e3110d2e21421e9ce0edf4c76604e7H.jpg\" \/><\/figure>\n<p>&nbsp;<\/p>\n<figure class=\"image\"><img decoding=\"async\" src=\"https:\/\/ae01.alicdn.com\/kf\/H4f84e4964abe4831af6414d383a312d1o.jpg\" \/><\/figure>\n<p>&nbsp;<\/p>\n<p>&nbsp;<\/p>\n<p>&nbsp;<\/p>\n<p>&nbsp;<\/p>\n<p>&nbsp;<\/p>\n<p>&nbsp;<\/p>\n<p>&nbsp;<\/p>\n","protected":false},"excerpt":{"rendered":"<p>CAL\u00c7A LEGGING CINTURA ALTA TIK TOK As Leggings que s\u00e3o tend\u00eancia mundial agora aqui na BELLAFORMA IMPORTS! Efeito Push UP, que modela seu corpo real\u00e7ando suas qualidades! Acentua suas curvas, disfar\u00e7a imperfei\u00e7\u00f5es Tecido confort\u00e1vel, moderno e flex\u00edvel Secagem r\u00e1pida\u00a0 Sinta-se linda e sexy! Material : polyester e spandex\u00a0 Tamanho Cintura Quadril Comprimento CM CM CM [&hellip;]<\/p>\n","protected":false},"featured_media":4395,"comment_status":"open","ping_status":"closed","template":"","meta":[],"product_brand":[],"product_cat":[21,231],"product_tag":[],"class_list":{"0":"post-4396","1":"product","2":"type-product","3":"status-publish","4":"has-post-thumbnail","6":"product_cat-leggings","7":"product_cat-promocoes","9":"first","10":"instock","11":"sale","12":"shipping-taxable","13":"purchasable","14":"product-type-variable"},"_links":{"self":[{"href":"https:\/\/lottustech.com\/bella\/wp-json\/wp\/v2\/product\/4396","targetHints":{"allow":["GET"]}}],"collection":[{"href":"https:\/\/lottustech.com\/bella\/wp-json\/wp\/v2\/product"}],"about":[{"href":"https:\/\/lottustech.com\/bella\/wp-json\/wp\/v2\/types\/product"}],"replies":[{"embeddable":true,"href":"https:\/\/lottustech.com\/bella\/wp-json\/wp\/v2\/comments?post=4396"}],"wp:featuredmedia":[{"embeddable":true,"href":"https:\/\/lottustech.com\/bella\/wp-json\/wp\/v2\/media\/4395"}],"wp:attachment":[{"href":"https:\/\/lottustech.com\/bella\/wp-json\/wp\/v2\/media?parent=4396"}],"wp:term":[{"taxonomy":"product_brand","embeddable":true,"href":"https:\/\/lottustech.com\/bella\/wp-json\/wp\/v2\/product_brand?post=4396"},{"taxonomy":"product_cat","embeddable":true,"href":"https:\/\/lottustech.com\/bella\/wp-json\/wp\/v2\/product_cat?post=4396"},{"taxonomy":"product_tag","embeddable":true,"href":"https:\/\/lottustech.com\/bella\/wp-json\/wp\/v2\/product_tag?post=4396"}],"curies":[{"name":"wp","href":"https:\/\/api.w.org\/{rel}","templated":true}]}}