{"id":10436,"date":"2023-01-12T17:34:26","date_gmt":"2023-01-12T20:34:26","guid":{"rendered":"https:\/\/lottustech.com\/bella\/?post_type=product&#038;p=10436"},"modified":"2023-01-12T17:46:32","modified_gmt":"2023-01-12T20:46:32","slug":"receitas-para-secar-em-30-dias-2-0","status":"publish","type":"product","link":"https:\/\/lottustech.com\/bella\/produto\/receitas-para-secar-em-30-dias-2-0\/","title":{"rendered":"Receitas Para Secar em 30 Dias 2.0"},"content":{"rendered":"<h3>Receitas Para Secar em 30 Dias 2.0<\/h3>\n<p>Programa de Reeduca\u00e7\u00e3o Alimentar Ajuda Mais de 75.000 Pessoas em 7 Pa\u00edses nos \u00daltimos 2 Anos que Precisavam Reduzir Drasticamente Suas GORDURAS CORPORAIS em poucos dias<\/p>\n<p>6 Transforma\u00e7\u00f5es Impactantes em Seu Corpo nas pr\u00f3ximas semanas:<br \/>\nBarriga diminue at\u00e9 12cm por m\u00eas<br \/>\nReduz as dores nas costas<br \/>\nPernas desincham bastante<br \/>\nMelhora o diabetes e colesterol alto<br \/>\nRedu\u00e7\u00e3o de peso (de 5 a 10 quilos)<br \/>\nTira a ansiedade de comer compulsivamente<\/p>\n<p>&nbsp;<\/p>\n","protected":false},"excerpt":{"rendered":"<h3>Receitas Para Secar em 30 Dias 2.0<\/h3>\n<p>Programa de Reeduca\u00e7\u00e3o Alimentar Ajuda Mais de 75.000 Pessoas em 7 Pa\u00edses nos \u00daltimos 2 Anos que Precisavam Reduzir Drasticamente Suas GORDURAS CORPORAIS em poucos dias<\/p>\n<p>6 Transforma\u00e7\u00f5es Impactantes em Seu Corpo nas pr\u00f3ximas semanas:<br \/>\nBarriga diminue at\u00e9 12cm por m\u00eas<br \/>\nReduz as dores nas costas<br \/>\nPernas desincham bastante<br \/>\nMelhora o diabetes e colesterol alto<br \/>\nRedu\u00e7\u00e3o de peso (de 5 a 10 quilos)<br \/>\nTira a ansiedade de comer compulsivamente<\/p>\n","protected":false},"featured_media":10437,"comment_status":"closed","ping_status":"closed","template":"","meta":[],"product_brand":[],"product_cat":[249],"product_tag":[],"class_list":{"0":"post-10436","1":"product","2":"type-product","3":"status-publish","4":"has-post-thumbnail","6":"product_cat-cursos","8":"first","9":"instock","10":"shipping-taxable","11":"purchasable","12":"product-type-external"},"_links":{"self":[{"href":"https:\/\/lottustech.com\/bella\/wp-json\/wp\/v2\/product\/10436","targetHints":{"allow":["GET"]}}],"collection":[{"href":"https:\/\/lottustech.com\/bella\/wp-json\/wp\/v2\/product"}],"about":[{"href":"https:\/\/lottustech.com\/bella\/wp-json\/wp\/v2\/types\/product"}],"replies":[{"embeddable":true,"href":"https:\/\/lottustech.com\/bella\/wp-json\/wp\/v2\/comments?post=10436"}],"wp:featuredmedia":[{"embeddable":true,"href":"https:\/\/lottustech.com\/bella\/wp-json\/wp\/v2\/media\/10437"}],"wp:attachment":[{"href":"https:\/\/lottustech.com\/bella\/wp-json\/wp\/v2\/media?parent=10436"}],"wp:term":[{"taxonomy":"product_brand","embeddable":true,"href":"https:\/\/lottustech.com\/bella\/wp-json\/wp\/v2\/product_brand?post=10436"},{"taxonomy":"product_cat","embeddable":true,"href":"https:\/\/lottustech.com\/bella\/wp-json\/wp\/v2\/product_cat?post=10436"},{"taxonomy":"product_tag","embeddable":true,"href":"https:\/\/lottustech.com\/bella\/wp-json\/wp\/v2\/product_tag?post=10436"}],"curies":[{"name":"wp","href":"https:\/\/api.w.org\/{rel}","templated":true}]}}